-3*a + 4*p - 24 = 0. Let w = 24 + a. Calculate the greatest common factor of w and 132.
12
Let b(y) = -3 + y**2 + 5*y + 3*y + 0*y**2 - 2*y. Let j be b(7). What is the greatest common factor of 22 and j?
22
Let n(d) = 2*d**2 + 5*d. Suppose -2*r = 5 + 3. Let t be n(r). Let l(h) = 108*h**3. Let j be l(1). Calculate the highest common divisor of t and j.
12
Suppose 0 = -0*g + g - 56. Let w(p) = -p - 4. Let d be w(-7). Suppose 5*u - 37 = -3*s + 1, d*s = 5*u - 32. Calculate the highest common divisor of g and u.
7
Let m be 18/5 + 6/(-10). Suppose 13 = 2*h + m. Suppose 0 = -h*x + p + 205, -x + 3*p = 5*p - 30. Calculate the greatest common factor of 16 and x.
8
Let s(a) = -a**2 - 6*a + 7. Let r = 4 + -9. Let p be s(r). Calculate the highest common factor of 132 and p.
12
Let l be 279/2 - (-1)/2. Let v(f) = 4 - 6*f - 4 + 2. Let p be v(-2). What is the highest common factor of p and l?
14
Let z = 3 + -1. Let r be 14/(-7)*(1 - z). Suppose 4*t + 10 = -4*j - r, 4*t + 2*j + 4 = 0. Calculate the highest common divisor of t and 8.
1
Let d be (-497)/(-9) - 10/45. Let c = 3 - -8. Calculate the highest common divisor of d and c.
11
Suppose -z - 69 = -4*n, 3*z + 0*z + 79 = 4*n. Let k be (3 + 3)/(3/2). Calculate the highest common divisor of n and k.
4
Let i = 43 + 122. Calculate the highest common divisor of i and 15.
15
Suppose 2*o + 3*g - 1073 = -2*o, 5*o - 1355 = -g. Calculate the highest common divisor of o and 34.
34
Let d(a) = a**2 + 2*a - 4. Let k be d(-5). Let g = -2 + k. Let w(i) = -i**2 - 2*i + 1. Let q be w(-2). What is the highest common factor of q and g?
1
Let p be 24/2 + 10/5. What is the highest common divisor of 42 and p?
14
Suppose 0*v - 16 = -4*v. Let j = -23 + 18. Let l be (-16)/(-6)*(17 + j). What is the greatest common divisor of v and l?
4
Let w(k) = 2*k**2 - 7*k. Let c be w(5). Let h be (-6)/4*(-100)/c. Calculate the greatest common factor of h and 80.
10
Let s be 4 - (2 - (-4)/(-2)). Suppose s*u + 0*j + 2*j = 14, -j - 11 = -u. Calculate the highest common factor of 15 and u.
3
Let c = 24 - -32. What is the highest common factor of c and 7?
7
Let d = -10 + 11. Let v(s) = 12*s. Let m be v(d). Calculate the greatest common divisor of 84 and m.
12
Let y = 78 - 46. Calculate the highest common factor of 4 and y.
4
Let x be (-28)/(2*(-1)/5). Calculate the greatest common divisor of 10 and x.
10
Let s(h) = h**2 - 30*h + 82. Let o be s(27). What is the highest common factor of 6 and o?
1
Let p be 0 + (2 + 2)/1. Let z(o) = 3*o + 9. Let m be z(p). What is the highest common divisor of 147 and m?
21
Suppose 5*x = -0 - 20. Let j be 20/9 - 4/18. Let o be x + 2 - (-68)/j. Calculate the highest common divisor of 4 and o.
4
Suppose 4*j - 19 = c, -j - 50 = -6*j - 4*c. Suppose a + 45 = j*a. What is the highest common factor of 45 and a?
9
Suppose -4*v + 36 = -v. Let o = 174 - 114. What is the highest common factor of v and o?
12
Let r(h) = 6*h**2 + h. Let j be r(-1). Calculate the highest common factor of 135 and j.
5
Suppose -2*j = 2*j - 108. Let g = j + -20. Calculate the highest common divisor of g and 77.
7
Let y(z) = -31*z + 1. Let b be y(-2). Calculate the highest common factor of 7 and b.
7
Suppose 5*i = 3*m - 207, -3*i + i + 58 = m. What is the greatest common divisor of m and 16?
16
Let y = -169 + 246. Let d be (y/(-28))/(1/(-8)). What is the greatest common factor of 11 and d?
11
Let g(f) = -f**3 - 5*f**2 - 12. Let t be g(-6). Calculate the greatest common divisor of 168 and t.
24
Let d(v) = v + 7. Let o be d(-5). Suppose b - 4*i + 10 = -0*b, 0 = 3*b - 5*i + o. What is the greatest common divisor of 15 and b?
3
Let c be 42/4*32/12. Calculate the highest common factor of 70 and c.
14
Let l = 444 + -260. Calculate the greatest common divisor of l and 23.
23
Let t(v) = 7*v + 6*v - 2*v - 2. Let c be t(6). What is the highest common divisor of 8 and c?
8
Let b = -17 + 155. Suppose 4*s - b - 78 = 0. Suppose 0*k = -2*k + s. What is the highest common divisor of 3 and k?
3
Suppose 2*x + 0*x = 3*t + 35, -3*t - 57 = -3*x. Let o(j) = j - 14. Let i be o(5). Let a = i + x. What is the highest common divisor of a and 91?
13
Let c(a) = -5*a - 9. Let k(w) = -w**2 - 2*w + 2. Let u be k(2). Let p be c(u). Suppose -3*d - p = -4*d. Calculate the highest common divisor of 3 and d.
3
Suppose -2*t = -5 + 1. Suppose t*i = -3*g + 115, 3 = -g + 8. Suppose -2*c + i = 3*c. What is the greatest common divisor of 50 and c?
10
Suppose 0*s = 2*l + 3*s - 3, -5*s = 2*l - 5. Suppose 2*z - 2*c = 48, l*c + 5*c + 96 = 4*z. What is the greatest common factor of 36 and z?
12
Let r(o) = o**3 + 17*o**2 + 15*o - 5. Let a be r(-16). Let p = 204 + -105. What is the greatest common factor of a and p?
11
Suppose -4 = -2*p, 3*u + 9 - 463 = -5*p. What is the greatest common divisor of 37 and u?
37
Let x be (1 + 0/(-1))*3. Suppose -3 = -o - 1. Suppose -5*a + 16 = -o*j, a - 3*a = -j - 6. What is the highest common factor of x and j?
1
Let m(z) = -z**3 - z**2 - 2*z + 81. Let d be m(0). Calculate the greatest common factor of d and 9.
9
Suppose 95 = 5*r + 4*f, 2*f + 2 - 12 = 0. Let c = -534 + 968. Suppose 0 = -2*l + c - 104. Calculate the highest common factor of l and r.
15
Suppose -4 = 2*c + 2*c. Let g be (1/c)/(1/(-105)). What is the highest common factor of g and 21?
21
Suppose -4*t + 2*g = -6, 4*g - 1 = -5*t - 0*g. Suppose 20 = 5*a - 0. Calculate the highest common divisor of t and a.
1
Suppose z - 6*z = 5*d - 50, 5*d - 25 = 0. What is the highest common factor of z and 40?
5
Suppose -5*g + 9*g = 16. Suppose g*h + 29 - 97 = 0. What is the greatest common factor of 17 and h?
17
Let x = -107 + 109. Calculate the greatest common factor of x and 6.
2
Suppose -2*i = 4*p - 0*i - 974, p - 2*i - 251 = 0. What is the greatest common divisor of p and 35?
35
Let x = 15 + -8. Suppose 12*w - x*w = 25. Suppose 0 = -0*i - w*i + 135. Calculate the highest common divisor of 3 and i.
3
Let j(k) = k**3 + 2*k**2 - 3*k - 5. Let z be j(-2). What is the greatest common divisor of z and 8?
1
Suppose 0*i + 5 = i. Let v(f) = 2*f - 6. Let h be v(i). Calculate the greatest common factor of 44 and h.
4
Suppose 8*p = 12*p - 88. Calculate the greatest common divisor of p and 110.
22
Let t be 286/6 - (-4)/12. Suppose 6*s - 30 = s. What is the highest common divisor of t and s?
6
Suppose i + k - 3*k = 8, 2*k + 6 = 0. Let t(z) = -1 + 4*z - i - 7. Let q be t(7). Calculate the greatest common divisor of 9 and q.
9
Suppose 0 = -7*c + 2 + 5. Let d be 6 + 1/c + 3. Calculate the highest common factor of 5 and d.
5
Suppose 0*k + 16 = k. Calculate the greatest common divisor of 288 and k.
16
Let w = 158 - 68. Calculate the greatest common factor of 10 and w.
10
Let h = -22 + 42. Let t(d) = 10*d + 64. Let m be t(-6). Calculate the greatest common factor of m and h.
4
Let a = 39 + -36. Calculate the greatest common divisor of a and 33.
3
Let v = 25 - 22. Calculate the greatest common factor of v and 1.
1
Suppose 5*o - 625 = -0*o. Let s = -222 + 133. Let n = s + o. What is the highest common divisor of 12 and n?
12
Suppose -5*c = 2*y + 301 - 853, 0 = 2*c - 5*y - 215. Let i = -8 + 18. What is the greatest common factor of i and c?
10
Let k = -7 - -12. Suppose -28 = -4*n - 4*u, 3*n + 0*n + u - 15 = 0. Suppose 16 = -n*p, 5*h = 2*p + 48 + 10. Calculate the highest common divisor of k and h.
5
Let y = -5 - -13. Suppose -5*d + 4*k = -k - 120, 4*k = -5*d + 75. Let c = 27 - d. Calculate the highest common factor of c and y.
8
Let a(w) = 2*w**3 - 7*w**2 + 6*w + 5. Let z be a(5). Let g(y) = 4*y - 38. Let n be g(12). Calculate the greatest common divisor of z and n.
10
Suppose 3*u = -p + 313, 5*p + 2*u - 3*u - 1613 = 0. Suppose 5*y = z + p, 5*y - 48 - 286 = -3*z. What is the greatest common divisor of y and 26?
13
Let i be ((-12)/5)/((-2)/30). Let x = 43 + -69. Let t = i + x. What is the highest common divisor of 50 and t?
10
Let d = -4 + 20. What is the highest common factor of d and 32?
16
Suppose 2*c = 6*c - 5*r - 42, 2*c - 18 = r. Let a be ((-2)/(-2))/(-1)*-1. What is the highest common factor of c and a?
1
Let u(t) = 4*t - 7. Suppose 2*f = -5*p + 20, 0 = -p - 3*f - 2*f - 19. Let a be u(p). Let v = 29 - a. Calculate the greatest common divisor of 84 and v.
12
Suppose -2*y = -4*f - 36, 0 = 2*y - 7*y + 3*f + 111. Calculate the greatest commo